tors of 890636.
2, 222659
What are the prime factors of 343797?
3, 114599
What are the prime factors of 920749?
73, 12613
What are the prime factors of 1370077?
1370077
What are the prime factors of 10126487?
7, 19, 73, 149
List the prime factors of 13562621.
89, 152389
List the prime factors of 1089292.
2, 17, 83, 193
List the prime factors of 18352969.
29, 131, 4831
What are the prime factors of 8114969?
409, 19841
List the prime factors of 1348024.
2, 167, 1009
List the prime factors of 600398.
2, 317, 947
List the prime factors of 1320989.
821, 1609
List the prime factors of 6227348.
2, 1556837
What are the prime factors of 535018?
2, 11, 83, 293
List the prime factors of 1669976.
2, 7, 11, 2711
List the prime factors of 70183.
70183
What are the prime factors of 851826?
2, 3, 141971
What are the prime factors of 2046196?
2, 511549
What are the prime factors of 2361981?
3, 61, 12907
What are the prime factors of 300272?
2, 7, 383
List the prime factors of 3775378.
2, 853, 2213
What are the prime factors of 9019256?
2, 1127407
What are the prime factors of 22102525?
5, 331, 2671
What are the prime factors of 7928775?
3, 5, 131, 269
List the prime factors of 558767.
11, 79, 643
What are the prime factors of 1361907?
3, 50441
What are the prime factors of 382740?
2, 3, 5, 6379
List the prime factors of 163612.
2, 40903
What are the prime factors of 215077?
215077
What are the prime factors of 8793188?
2, 41, 53617
What are the prime factors of 2018564?
2, 173, 2917
What are the prime factors of 14020449?
3, 4673483
What are the prime factors of 658548?
2, 3, 11, 1663
What are the prime factors of 3224392?
2, 403049
What are the prime factors of 2581735?
5, 13, 39719
List the prime factors of 17227207.
23, 313, 2393
List the prime factors of 2437188.
2, 3, 13, 17, 919
What are the prime factors of 30498307?
7, 191, 22811
List the prime factors of 1466965.
5, 29, 67, 151
List the prime factors of 187675.
5, 7507
What are the prime factors of 1560345?
3, 5, 17, 29, 211
List the prime factors of 319752.
2, 3, 4441
List the prime factors of 2396453.
37, 239, 271
List the prime factors of 1135213.
139, 8167
What are the prime factors of 131113?
131113
List the prime factors of 9193947.
3, 7, 233, 1879
List the prime factors of 1275163.
997, 1279
What are the prime factors of 652287?
3, 217429
List the prime factors of 17806738.
2, 23, 521, 743
List the prime factors of 21951454.
2, 7, 17, 92233
What are the prime factors of 1072161?
3, 119129
List the prime factors of 871645.
5, 174329
List the prime factors of 1977416.
2, 7, 35311
What are the prime factors of 12362744?
2, 1545343
What are the prime factors of 3831653?
7, 11171
What are the prime factors of 194692?
2, 48673
What are the prime factors of 755368?
2, 94421
List the prime factors of 119583.
3, 43, 103
List the prime factors of 21126934.
2, 31, 340757
What are the prime factors of 1039088?
2, 101, 643
What are the prime factors of 79109?
239, 331
List the prime factors of 129815.
5, 7, 3709
What are the prime factors of 25868?
2, 29, 223
List the prime factors of 5603029.
43, 130303
What are the prime factors of 500816?
2, 113, 277
What are the prime factors of 216357?
3, 41, 1759
What are the prime factors of 21854108?
2, 107, 51061
List the prime factors of 2408114.
2, 67, 17971
What are the prime factors of 5754108?
2, 3, 479509
List the prime factors of 6252345.
3, 5, 11, 17, 743
List the prime factors of 1908243.
3, 149, 1423
What are the prime factors of 2442792?
2, 3, 11, 19, 487
List the prime factors of 75206.
2, 31, 1213
What are the prime factors of 239189?
53, 4513
List the prime factors of 32801972.
2, 7, 101, 1657
What are the prime factors of 36649277?
7, 37, 71, 1993
What are the prime factors of 1154953?
19, 89, 683
List the prime factors of 7907158.
2, 7, 564797
List the prime factors of 1061862.
2, 3, 176977
What are the prime factors of 281216?
2, 13
List the prime factors of 662286.
2, 3, 17, 43, 151
What are the prime factors of 120151?
53, 2267
What are the prime factors of 1277271?
3, 139, 1021
List the prime factors of 150682.
2, 7, 47, 229
List the prime factors of 18544210.
2, 5, 23, 80627
List the prime factors of 3332967.
3, 11, 100999
What are the prime factors of 702329?
702329
List the prime factors of 5166229.
1619, 3191
List the prime factors of 2524599.
3, 7, 11, 3643
What are the prime factors of 1328839?
17, 78167
What are the prime factors of 1934619?
3, 29, 37, 601
List the prime factors of 15907116.
2, 3, 83, 15971
What are the prime factors of 101448?
2, 3, 1409
List the prime factors of 855984.
2, 3, 17, 1049
What are the prime factors of 230738?
2, 43, 2683
List the prime factors of 3311435.
5, 662287
List the prime factors of 2764555.
5, 719, 769
What are the prime factors of 599329?
739, 811
List the prime factors of 1261499.
601, 2099
What are the prime factors of 26133?
3, 31, 281
What are the prime factors of 740020?
2, 5, 163, 227
List the prime factors of 8745430.
2, 5, 874543
What are the prime factors of 6685333?
1279, 5227
List the prime factors of 837883.
109, 7687
What are the prime factors of 8201763?
3, 31, 41, 239
List the prime factors of 2183202.
2, 3, 7, 17327
What are the prime factors of 1386212?
2, 346553
What are the prime factors of 10801093?
10801093
List the prime factors of 4931580.
2, 3, 5, 82193
What are the prime factors of 14174298?
2, 3, 71, 3697
What are the prime factors of 1153282?
2, 13, 44357
What are the prime factors of 246773?
246773
List the prime factors of 155954.
2, 77977
List the prime factors of 18078464.
2, 70619
What are the prime factors of 2441730?
2, 3, 5, 199, 409
What are the prime factors of 616660?
2, 5, 11, 2803
What are the prime factors of 176706?
2, 3, 9817
What are the prime factors of 1690498?
2, 271, 3119
List the prime factors of 158465.
5, 41, 773
What are the prime factors of 76887?
3, 8543
List the prime factors of 3495653.
7, 31, 89, 181
List the prime factors of 18890718.
2, 3, 7, 11, 31, 1319
List the prime factors of 4073522.
2, 157, 12973
List the prime factors of 4463892.
2, 3, 123997
List the prime factors of 18680.
2, 5, 467
What are the prime factors of 5866407?
3, 631, 1033
What are the prime factors of 1065106?
2, 7, 76079
List the prime factors of 3207995.
5, 7, 151, 607
List the prime factors of 2079144.
2, 3, 67, 431
What are the prime factors of 2351330?
2, 5, 73, 3221
List the prime factors of 2521828.
2, 41, 15377
What are the prime factors of 2124083?
13, 109, 1499
What are the prime factors of 1352586?
2, 3, 225431
List the prime factors of 1007335.
5, 7, 17, 1693
List the prime factors of 270172.
2, 7, 9649
What are the prime factors of 460921?
17, 19, 1427
What are the prime factors of 259017?
3, 11, 47, 167
List the prime factors of 1459315.
5, 11, 13, 157
List the prime factors of 798374.
2, 31, 79, 163
List the prime factors of 4662536.
2, 491, 1187
List the prime factors of 198723.
3, 7, 9463
What are the prime factors of 4752799?
223, 21313
List the prime factors of 261895.
5, 52379
What are the prime factors of 6925919?
7, 11, 13, 17, 37
What are the prime factors of 4354?
2, 7, 311
What are the prime factors of 63164?
2, 15791
List the prime factors of 1269283.
1269283
What are the prime factors of 139072?
2, 41, 53
List the prime factors of 9854430.
2, 3, 5, 328481
List the prime factors of 16384598.
2, 8192299
List the prime factors of 2015662.
2, 11, 91621
What are the prime factors of 325011?
3, 131, 827
List the prime factors of 1813299.
3, 604433
What are the prime factors of 42850?
2, 5, 857
What are the prime factors of 454450?
2, 5, 61, 149
List the prime factors of 41213.
41213
What are the prime factors of 13458018?
2, 3, 7, 59, 5431
List the prime factors of 9068632.
2, 1133579
List the prime factors of 12435210.
2, 3, 5, 233, 593
List the prime factors of 203388.
2, 3, 17, 997
What are the prime factors of 29630318?
2, 14815159
What are the prime factors of 1155067?
19, 60793
What are the prime factors of 16220238?
2, 3, 2703373
What are the prime factors of 160952?
2, 11, 31, 59
What are the prime factors of 2957100?
2, 3, 5, 9857
List the prime factors of 2166024.
2, 3, 7, 12893
What are the prime factors of 19453?
7, 397
List the p